sor of 164 and 148.
4
Calculate the highest common divisor of 75 and 3275.
25
What is the highest common divisor of 5786 and 66?
22
What is the highest common divisor of 210 and 168?
42
What is the highest common divisor of 5509 and 35?
7
Calculate the greatest common divisor of 28 and 1204.
28
What is the highest common factor of 32 and 1312?
32
What is the highest common factor of 11 and 88?
11
What is the greatest common divisor of 6214 and 26?
26
Calculate the greatest common factor of 286 and 198.
22
What is the greatest common divisor of 117 and 18?
9
What is the highest common divisor of 1188 and 72?
36
What is the greatest common divisor of 42 and 36?
6
What is the greatest common factor of 3796 and 9344?
292
Calculate the highest common divisor of 51 and 391.
17
Calculate the greatest common factor of 9086 and 154.
154
What is the greatest common divisor of 36 and 96?
12
What is the greatest common factor of 54 and 6?
6
Calculate the greatest common divisor of 351 and 91.
13
What is the highest common divisor of 8692 and 492?
164
What is the highest common factor of 3996 and 592?
148
What is the highest common divisor of 7956 and 182?
26
What is the greatest common factor of 992 and 186?
62
Calculate the highest common factor of 275 and 55.
55
Calculate the highest common divisor of 155 and 45.
5
What is the greatest common factor of 112 and 616?
56
Calculate the highest common factor of 7567 and 47.
47
Calculate the highest common divisor of 1116 and 768.
12
Calculate the highest common factor of 1183 and 91.
91
What is the greatest common divisor of 1325 and 825?
25
What is the greatest common divisor of 80 and 10480?
80
Calculate the greatest common divisor of 22 and 704.
22
Calculate the greatest common factor of 648 and 240.
24
What is the greatest common divisor of 2080 and 1120?
160
What is the greatest common divisor of 92 and 3082?
46
What is the greatest common divisor of 39 and 143?
13
What is the highest common factor of 1125 and 2875?
125
What is the greatest common divisor of 5 and 1694?
1
Calculate the greatest common divisor of 625 and 25.
25
What is the highest common factor of 228 and 1056?
12
Calculate the highest common divisor of 212 and 62116.
212
Calculate the highest common factor of 8 and 392.
8
Calculate the highest common factor of 553 and 158.
79
Calculate the greatest common divisor of 2178 and 4598.
242
What is the highest common factor of 1634 and 86?
86
What is the greatest common factor of 126 and 2394?
126
What is the greatest common divisor of 1904 and 34?
34
What is the greatest common factor of 723 and 4579?
241
Calculate the highest common divisor of 36 and 372.
12
Calculate the greatest common divisor of 459 and 108.
27
What is the greatest common factor of 924 and 1408?
44
What is the highest common factor of 3377 and 3991?
307
What is the greatest common factor of 1243 and 22?
11
Calculate the highest common factor of 368 and 16.
16
What is the highest common factor of 24 and 54?
6
What is the greatest common factor of 304 and 2869?
19
What is the greatest common divisor of 11 and 8734?
11
What is the highest common factor of 108 and 270?
54
What is the greatest common factor of 52 and 4394?
26
What is the greatest common divisor of 56 and 910?
14
What is the highest common factor of 425 and 25?
25
Calculate the greatest common factor of 82 and 451.
41
Calculate the highest common factor of 6963 and 264.
33
Calculate the highest common factor of 1207 and 119.
17
What is the highest common divisor of 42 and 1050?
42
Calculate the highest common factor of 154 and 88.
22
What is the highest common divisor of 13 and 559?
13
Calculate the greatest common factor of 256 and 480.
32
What is the greatest common factor of 52 and 1612?
52
What is the highest common divisor of 8282 and 246?
82
Calculate the greatest common divisor of 40 and 3616.
8
Calculate the greatest common divisor of 812 and 168.
28
Calculate the greatest common factor of 1066 and 26.
26
Calculate the highest common factor of 11018 and 14.
14
Calculate the greatest common divisor of 8 and 1408.
8
Calculate the greatest common factor of 600 and 1080.
120
What is the greatest common divisor of 14 and 77?
7
Calculate the greatest common divisor of 6902 and 2618.
238
Calculate the greatest common divisor of 1350 and 18.
18
What is the greatest common factor of 21677 and 53?
53
Calculate the greatest common divisor of 16798 and 148.
74
Calculate the highest common divisor of 24 and 600.
24
What is the highest common factor of 950 and 40?
10
Calculate the greatest common divisor of 115 and 45.
5
Calculate the highest common divisor of 1904 and 3640.
56
Calculate the highest common divisor of 1694 and 66.
22
What is the highest common factor of 150 and 240?
30
Calculate the highest common factor of 14 and 15526.
14
What is the greatest common divisor of 3952 and 912?
304
What is the greatest common divisor of 6573 and 21?
21
Calculate the greatest common factor of 39 and 9477.
39
Calculate the highest common divisor of 86 and 86.
86
Calculate the greatest common factor of 50 and 1025.
25
Calculate the greatest common divisor of 77 and 4103.
11
What is the highest common factor of 369 and 82?
41
What is the highest common divisor of 52 and 236?
4
Calculate the greatest common factor of 588 and 48.
12
What is the greatest common divisor of 972 and 36?
36
Calculate the highest common factor of 46 and 1518.
46
Calculate the greatest common divisor of 4032 and 108.
36
Calculate the greatest common factor of 1743 and 9462.
249
Calculate the greatest common factor of 10 and 2.
2
Calculate the highest common factor of 876 and 9417.
219
Calculate the highest common divisor of 14784 and 840.
168
Calculate the greatest common divisor of 184 and 138.
46
Calculate the greatest common divisor of 239 and 1.
1
What is the greatest common factor of 36 and 3474?
18
Calculate the highest common factor of 52 and 5148.
52
Calculate the highest common divisor of 221 and 52.
13
Calculate the greatest common factor of 24025 and 93.
31
What is the greatest common divisor of 99 and 2277?
99
Calculate the greatest common factor of 25356 and 12.
12
What is the greatest common divisor of 5131 and 7?
7
Calculate the highest common divisor of 680 and 6256.
136
What is the greatest common factor of 825 and 375?
75
Calculate the highest common divisor of 17 and 12937.
17
Calculate the greatest common factor of 690 and 50.
10
What is the highest common factor of 5709 and 33?
33
Calculate the greatest common factor of 679 and 291.
97
What is the greatest common factor of 5334 and 127?
127
What is the greatest common factor of 687 and 12?
3
What is the greatest common divisor of 150 and 1100?
50
What is the greatest common factor of 170 and 1180?
10
What is the greatest common factor of 282 and 6?
6
What is the highest common divisor of 42 and 30?
6
What is the greatest common factor of 2650 and 30?
10
What is the greatest common divisor of 8 and 232?
8
Calculate the highest common divisor of 545 and 5.
5
Calculate the greatest common divisor of 12 and 576.
12
Calculate the greatest common divisor of 42 and 38178.
42
Calculate the greatest common divisor of 15729 and 321.
321
What is the greatest common factor of 319 and 297?
11
Calculate the highest common divisor of 4719 and 624.
39
Calculate the highest common factor of 2457 and 315.
63
What is the highest common divisor of 115 and 3910?
115
Calculate the highest common factor of 28 and 497.
7
Calculate the highest common divisor of 423 and 94.
47
Calculate the greatest common factor of 700 and 100.
100
Calculate the highest common factor of 5124 and 12.
12
Calculate the greatest common divisor of 14 and 63.
7
Calculate the greatest common factor of 10 and 4390.
10
What is the highest common divisor of 42 and 1239?
21
Calculate the highest common divisor of 64 and 576.
64
What is the greatest common divisor of 11 and 143?
11
Calculate the highest common factor of 147 and 183.
3
Calculate the greatest common divisor of 78 and 897.
39
What is the greatest common factor of 1692 and 44?
4
Calculate the greatest common divisor of 120 and 20.
20
Calculate the highest common factor of 3984 and 83.
83
Calculate the highest com